it of 247397550?
5
What is the thousands digit of 134428581?
8
What is the tens digit of 1512224413?
1
What is the ten millions digit of 43790974?
4
What is the thousands digit of 6399484541?
4
What is the units digit of 1563128577?
7
What is the thousands digit of 230045447?
5
What is the ten millions digit of 185987721?
8
What is the thousands digit of 125053996?
3
What is the thousands digit of 3028677344?
7
What is the hundred millions digit of 2739789275?
7
What is the ten millions digit of 267410428?
6
What is the ten millions digit of 21132728?
2
What is the hundreds digit of 898517202?
2
What is the tens digit of 616209071?
7
What is the millions digit of 64698532?
4
What is the tens digit of 314205035?
3
What is the hundreds digit of 5199373677?
6
What is the millions digit of 246907973?
6
What is the millions digit of 99397948?
9
What is the millions digit of 25546470?
5
What is the hundred thousands digit of 28115441?
1
What is the units digit of 862973836?
6
What is the hundred thousands digit of 1274388369?
3
What is the hundred thousands digit of 124744176?
7
What is the hundred millions digit of 276493725?
2
What is the ten thousands digit of 2198344149?
4
What is the billions digit of 2539876082?
2
What is the hundreds digit of 2794489989?
9
What is the ten millions digit of 188298081?
8
What is the hundred millions digit of 105801315?
1
What is the hundred thousands digit of 749489430?
4
What is the hundred thousands digit of 13488343?
4
What is the hundreds digit of 310431144?
1
What is the hundred thousands digit of 58248458?
2
What is the hundreds digit of 29812330?
3
What is the thousands digit of 103683475?
3
What is the units digit of 23765909?
9
What is the hundreds digit of 145965052?
0
What is the units digit of 44187751?
1
What is the hundred thousands digit of 40637152?
6
What is the hundred millions digit of 541921986?
5
What is the tens digit of 257975467?
6
What is the tens digit of 291481835?
3
What is the hundreds digit of 237274422?
4
What is the ten thousands digit of 248803076?
0
What is the hundred thousands digit of 8851348?
8
What is the thousands digit of 96398017?
8
What is the thousands digit of 2168692454?
2
What is the ten millions digit of 1191363296?
9
What is the millions digit of 851554114?
1
What is the ten thousands digit of 876147609?
4
What is the hundreds digit of 46664494?
4
What is the tens digit of 134141968?
6
What is the ten thousands digit of 35202519?
0
What is the hundred millions digit of 5691754028?
6
What is the thousands digit of 1618818032?
8
What is the ten thousands digit of 66078129?
7
What is the millions digit of 1467650074?
7
What is the ten thousands digit of 1603512948?
1
What is the thousands digit of 340620569?
0
What is the ten thousands digit of 5024547862?
4
What is the millions digit of 62239378?
2
What is the units digit of 17213844?
4
What is the hundreds digit of 435988344?
3
What is the tens digit of 3382225993?
9
What is the millions digit of 2003017683?
3
What is the thousands digit of 666731?
6
What is the units digit of 70011686?
6
What is the ten millions digit of 785322742?
8
What is the units digit of 107270237?
7
What is the thousands digit of 261409567?
9
What is the units digit of 200944475?
5
What is the ten thousands digit of 539476894?
7
What is the ten millions digit of 584830422?
8
What is the thousands digit of 169892945?
2
What is the ten millions digit of 665349120?
6
What is the hundreds digit of 350933597?
5
What is the thousands digit of 324832385?
2
What is the tens digit of 52469149?
4
What is the millions digit of 82605801?
2
What is the tens digit of 128402422?
2
What is the tens digit of 2624331841?
4
What is the tens digit of 6994659776?
7
What is the ten millions digit of 23701228?
2
What is the millions digit of 33854921?
3
What is the hundred thousands digit of 68572029?
5
What is the thousands digit of 1566636610?
6
What is the hundreds digit of 12231436?
4
What is the hundreds digit of 38069527?
5
What is the units digit of 1270927998?
8
What is the hundred thousands digit of 65635942?
6
What is the hundreds digit of 2266721?
7
What is the hundred thousands digit of 585751128?
7
What is the hundred thousands digit of 167733077?
7
What is the hundred thousands digit of 134775941?
7
What is the thousands digit of 283316361?
6
What is the thousands digit of 334702585?
2
What is the hundreds digit of 1464117122?
1
What is the ten millions digit of 37716187?
3
What is the units digit of 32215142?
2
What is the millions digit of 166859482?
6
What is the tens digit of 52160575?
7
What is the hundreds digit of 1783386966?
9
What is the hundreds digit of 61114027?
0
What is the hundred millions digit of 465082516?
4
What is the units digit of 3729525954?
4
What is the units digit of 590403412?
2
What is the hundreds digit of 69746675?
6
What is the hundred millions digit of 507226014?
5
What is the hundred thousands digit of 2410652107?
6
What is the tens digit of 107379759?
5
What is the ten thousands digit of 27670243?
7
What is the thousands digit of 965333062?
3
What is the hundreds digit of 4421905?
9
What is the hundred millions digit of 269549749?
2
What is the ten millions digit of 1452912724?
5
What is the hundreds digit of 771641?
6
What is the ten millions digit of 189972824?
8
What is the millions digit of 46522708?
6
What is the tens digit of 29925018?
1
What is the units digit of 3316389?
9
What is the hundreds digit of 63756357?
3
What is the ten millions digit of 579148290?
7
What is the hundreds digit of 92881850?
8
What is the units digit of 292998914?
4
What is the millions digit of 990044515?
0
What is the ten thousands digit of 66876267?
7
What is the billions digit of 1180588268?
1
What is the hundreds digit of 42346039?
0
What is the millions digit of 673726364?
3
What is the ten thousands digit of 78128474?
2
What is the thousands digit of 40534244?
4
What is the units digit of 8349713837?
7
What is the hundreds digit of 44255542?
5
What is the thousands digit of 1763897?
3
What is the thousands digit of 275014277?
4
What is the ten thousands digit of 120267441?
6
What is the ten millions digit of 566358111?
6
What is the hundreds digit of 140128266?
2
What is the hundreds digit of 86731214?
2
What is the units digit of 40012998?
8
What is the tens digit of 5039482?
8
What is the ten millions digit of 46208885?
4
What is the units digit of 3421301547?
7
What is the thousands digit of 45082628?
2
What is the tens digit of 115763849?
4
What is the units digit of 23273619?
9
What is the hundreds digit of 23168533?
5
What is the millions digit of 688026399?
8
What is the tens digit of 30527308?
0
What is the ten millions digit of 219057836?
1
What is the ten thousands digit of 293417772?
1
What is the thousands digit of 301876549?
6
What is the thousands digit of 4009851635?
1
What is the millions digit of 3127174712?
7
What is the hundred millions digit of 7805105322?
8
What is the ten thousands digit of 196970278?
7
What is the ten millions digit of 104093357?
0
What is the hundreds digit of 4336138125?
1
What is the ten thousands digit of 178167388?
6
What is the millions digit of 382758004?
2
What is the ten millions digit of 835434324?
3
What is the tens digit of 48549110?
1
What is the units digit of 149829372?
2
What is the hundreds digit of 35996023?
0
What is the hundred thousands digit of 240881747?
8
What is the units digit of 324623397?
7
What is the hundreds digit of 206898979?
9
What is the ten millions digit of 94622598?
9
What is the ten thousands digit of 1026916658?
1
What is the ten thousands digit of 494586555?
8
What is the thousands digit of 4649808?
9
What is the tens digit of 70724160?
6
What is the tens digit of 69938163?
6
What is the tens digit of 149722560?
6
What is the hundred millions digit of 1732046158?
7
What is the hundred thousands digit of 420420785?
4
What is the tens digit of 67161341?
4
What is the millions digit of 10597668?
0
What is the hundred thousands digit of 379201845?
2
What is the hundred thousands digit of 12625312?
6
What is the ten thousands digit of 110785626?
8
What is the ten millions digit of 207838366?
0
What is the ten thousands digit of 7163813222?
1
What